ctors of (-30)/f*(-2 - -4).
3, 5
Suppose -4*a - 9816 = -4*o, -38*o + 41*o = -a + 7342. List the prime factors of o.
31, 79
Suppose 26*m = 28*m - 2726. What are the prime factors of m?
29, 47
Let f(p) = -40*p - 5. Let y be f(-6). Let z = y - -33. What are the prime factors of z?
2, 67
Suppose v - 1200 = -v. Suppose 0 = 5*n + k - 575, -5*n = -2*k - 2*k - v. What are the prime factors of n?
2, 29
Let l(g) = g**2 + 7*g - 38. Let r be l(-11). Suppose 2*c - 102 + r = 0. What are the prime factors of c?
2, 3
Suppose 0 = 8*w - 3507 - 461. Let f = w - 289. What are the prime factors of f?
3, 23
List the prime factors of (14 + -15)*-841*5.
5, 29
Let g(m) = -8*m + 96. Let w be g(12). Let u = -6 - -10. Suppose 44 = -w*h + u*h. List the prime factors of h.
11
Suppose 5*r - 10 = -0*r. Suppose -147 = r*y - 9*y. What are the prime factors of y?
3, 7
Suppose 42 - 18 = 4*d. Suppose d = 2*i - 4. Suppose 4*t + 40 = i*t. What are the prime factors of t?
2, 5
What are the prime factors of -94*4*-5 + 480/(-80)?
2, 937
Let y(k) = k + 16. Let i(f) = -3*f + 2. Let p be i(-5). List the prime factors of y(p).
3, 11
Suppose 0 = -2*h - 2*h + 8. Suppose -h*z = -z. Suppose z = -2*i - 17 + 109. List the prime factors of i.
2, 23
Let s be -5 + 14564/28 + 2/(-14). Suppose 5*n - 1465 = -s. What are the prime factors of n?
2, 5, 19
Let o(n) = 1836*n**2 + 3*n + 2. List the prime factors of o(-1).
5, 367
Suppose -3*i - 3*o + 15 = 0, 3*i - o - 15 = o. Suppose -g = 4*d + 1, -5*g - 5*d = -4*d - 14. Suppose g = i*m - 37. What are the prime factors of m?
2
Let i be (0 + 12)/3 - (-2 - 64). List the prime factors of -9*(i/42 + 1 + -4).
2, 3
Suppose 0 = 11*f - 170 + 27. Let k = -3 - -8. Let a = k + f. What are the prime factors of a?
2, 3
Let n(p) = -p**3 - 3*p - 5. Let h be (-6)/(-24) + (-115)/(-4). Let z = h - 31. List the prime factors of n(z).
3
Suppose 2*o = -0 + 2. Let f = o - 4. Let z(i) = -4*i. List the prime factors of z(f).
2, 3
Suppose 0 = -5*r + o + 1, -3*r - 2*r - 2*o = 2. Suppose r = 4*t - 64 - 4. Let c = t + 4. What are the prime factors of c?
3, 7
Let v(n) = 28*n - 11. Let l be v(-7). Let u = -67 - l. List the prime factors of u.
2, 5, 7
Let w(h) = 51*h - 20. What are the prime factors of w(7)?
337
Let f(o) = 77*o**2 - o - 1. Suppose 5*m = y + 183 + 45, 222 = 5*m + y. Let t be ((-30)/m)/(4/(-6)). List the prime factors of f(t).
3, 5
Suppose 0 = -3*s - 2*s + 25, -2*s - 50 = 4*u. Let b = 15 + u. Suppose -6*r - 6 + 234 = b. List the prime factors of r.
2, 19
Let q = -63 + 254. Let l = q + 68. List the prime factors of l.
7, 37
Let d(n) = 4*n**3 + 9*n**2 + 6*n - 5. What are the prime factors of d(5)?
2, 3, 5
Let j(m) = 12 + 5*m - m - 2*m - 17. Let p(s) = 2*s - 3. Let d be p(5). What are the prime factors of j(d)?
3
Let j(r) = -r**2 + 3*r + 66. Suppose 3*z = 2*i + 6 - 2, -3*z = -5*i - 10. What are the prime factors of j(z)?
2, 3, 11
Let i be (-2)/6 + 1 + 130/(-15). Let g = 2 + 0. What are the prime factors of (-710)/(-40) - g/i?
2, 3
Let r(w) = 5*w**2 - 7*w + 5. Let y(n) = -5*n**2 + 6*n - 4. Let h(s) = -5*r(s) - 6*y(s). Let v be h(-1). What are the prime factors of (-6)/v*(-130)/4?
3, 13
Let q = -27 - -31. Let s be -1 - 2/(q/(-62)). Let p = s - 23. List the prime factors of p.
7
Let q(y) = -14*y**3 - 3*y**2 + 1. Suppose -z + 3*z - 6 = 3*r, -5*r = 2*z + 10. Let w be q(r). Suppose 0 = 2*l - 17 - w. What are the prime factors of l?
59
Let h be (-8)/(-20)*15*4. Let d = 28 + h. What are the prime factors of d?
2, 13
Suppose -4*f + 0 = -8. List the prime factors of 241/f - (3/2)/(-3).
11
What are the prime factors of (-1575 - -1)*13/(-26)?
787
Let k = -104 + 59. What are the prime factors of (k/6)/((-1)/(-10)*-1)?
3, 5
Let f(o) = -o**3 - o**2 + o + 31. Let g be f(0). Suppose 4*x = 2*r - r + 17, 5*r = 2*x - g. Suppose -2*l + 83 + x = 0. What are the prime factors of l?
43
Suppose -5*v + 1323 = -4*f, -f = -4*f + 9. List the prime factors of v.
3, 89
Suppose 5*o + 396 = 6*o. Suppose -o = -2*p - 5*h + 18, 5*h = 2*p - 414. What are the prime factors of p?
3, 23
Let m = 12 + 3. What are the prime factors of 183*((-55)/m - -4)?
61
Let f be ((28/(-8))/7)/(1/(-2)). Let a(t) = 47*t - 4. List the prime factors of a(f).
43
Suppose f - 4*f = 3*h - 57, -2*h = -3*f + 47. Suppose 13*o = f*o. Suppose 4*d + r - 11 = o, 0 = -2*r + r - 5. List the prime factors of d.
2
Suppose -28145 = -611*x + 598*x. List the prime factors of x.
5, 433
Suppose f + 3*o - 5 = 0, 5*f - 25 = o - 4*o. Suppose 0 = f*z - 2*z - 2*y + 5, -5*z - 50 = 5*y. Let s(v) = v**2 - 2*v + 7. What are the prime factors of s(z)?
2, 3, 7
List the prime factors of ((-7)/(49/2))/(8/(-11144)).
2, 199
Let m(r) = 75*r - 1. Let i be m(1). Suppose -62*s + 63*s = 5. Suppose -i = -s*a + 81. What are the prime factors of a?
31
Let d = -428 - -477. List the prime factors of d.
7
Let t(f) = 11*f**2 + 5*f + 10. Let z be t(-5). Suppose -b = 2*w - z, -w - 2*w = -b + 240. What are the prime factors of b?
2, 3, 7
List the prime factors of (-1 + 5 + -1)/(6/1362).
3, 227
Let a be 18/(-45) + 17/5. What are the prime factors of 1812/42 + a/(-21)?
43
Let v = -90 - -92. Suppose 6*k - v*k - 116 = 0. List the prime factors of k.
29
Let d(r) be the second derivative of 3*r**4/4 + r**3/6 - 9*r. List the prime factors of d(-2).
2, 17
Let r(y) = 2*y**2 + 17*y + 29. What are the prime factors of r(-20)?
3, 163
Let n(t) = -t**2 + 24*t + 3. Let j be -1 + 4/(-7 - -3)*-11. What are the prime factors of n(j)?
11, 13
Suppose 4 = 4*r - 4. Let n = 46 + -61. List the prime factors of 6 - (r - n/(-3)).
3
Let i = -6 + -10. Let u = 19 + i. What are the prime factors of u?
3
Suppose 373 = 3*w - 4*r, -3*w - 3*r = -4*r - 379. Suppose 2*k + 92 = 6*k - 4*l, 5*k - l = w. List the prime factors of k.
2, 13
Let l be 0 - -52 - (1 - 1). Let r = -21 + l. Suppose -5*k + 111 = r. List the prime factors of k.
2
Suppose 5*a + 49 = -26. Let s be (-2)/10 + (-63)/a. What are the prime factors of 31/(3 - (s + -2))?
31
Let c(v) = -v**2 + 15*v - 5. Let p be c(15). What are the prime factors of ((-162)/p)/((-4)/(-10))?
3
Let t be 12*2/8*2. Let y(z) = z**2 + 2*z + 4. What are the prime factors of y(t)?
2, 13
Let l(k) = -635*k - 1. Let x be l(1). What are the prime factors of x/(-14) - 8/(-14)?
2, 23
Let w(k) = 16*k - 8 + 0 + 1. Let f be w(3). Let n = f + -11. What are the prime factors of n?
2, 3, 5
Let f(o) = 8*o - 4. Let k be f(7). Let n = -10 + k. List the prime factors of n.
2, 3, 7
Let b(o) = -5*o**2. Let i(p) = -6*p**2 + p - 1. Let q(w) = -7*b(w) + 6*i(w). Let k be q(5). List the prime factors of k/(-3)*(116 - 5).
37
Let f = -1255 - -2271. List the prime factors of f.
2, 127
Let m = -2216 - -3457. What are the prime factors of m?
17, 73
Let w(p) = 53*p**2 - 7*p - 2. What are the prime factors of w(-3)?
2, 31
Let k = 58 + 11. Suppose -5*u = -k - 1. List the prime factors of u.
2, 7
Let d(w) = 13*w**2 - w. Let q(m) = m**2 - 2*m - 1. Let b be q(0). Let s be d(b). Suppose -23 - s = -2*l + 5*y, 0 = -5*y + 5. List the prime factors of l.
3, 7
Let i = -2 - 5. Let y(t) = -t**3 - 7*t**2 + 5. Let m be y(i). Suppose -m*d + 2*d = -39. What are the prime factors of d?
13
Let o(s) = 6*s**2. Let q be o(-1). Suppose 0 = q*a - 331 + 103. Suppose -4*d + 0*d - 2 = -2*l, 3*l - a = -d. What are the prime factors of l?
11
Let s be 3 + 1 - 6/((-42)/3059). Let d(f) = 5*f**2 + 4*f + 2. Let w be d(-3). Suppose 7*p = s - w. What are the prime factors of p?
2, 29
List the prime factors of (-1)/(4/10)*99288/(-630).
2, 197
Suppose -5*o + 2*u + 3220 = -2*u, o = 2*u + 644. What are the prime factors of o?
2, 7, 23
Suppose 0 = 4*f + 5*i - 3404, 2*f - 875 = -3*i + 825. What are the prime factors of f?
2, 107
Let v(s) = -88*s**2 + 7*s - 3. Let y(u) = -177*u**2 + 15*u - 7. Let o(r) = -9*v(r) + 4*y(r). List the prime factors of o(-1).
2, 43
Let h be (-4)/10 - 18/5. What are the prime factors of (2/h)/(1855/(-924) - -2)?
2, 3, 11
Let m = -3 + 5. Suppose -w + m = -j, -4 = 2*w + 3*j - 18. What are the prime factors of 16 + (-2)/w*6?
13
Let p(d) = -d**3 + 10*d**2 - d + 10. Let k be p(10). Let j = 17 - -5. Suppose k = -2*n - 2*b + j, 0*n + n + 2*b = 8. List the prime factors of n.
2, 7
Suppose -60 = -2*l - 4*f, -3*l - 4*f = -f - 75. Suppose 18 - l = -i. List the prime factors of i.
2
Let r = 299 + -169. Suppose 4*l - r = 66. What are th